{"id":278,"date":"2022-11-01T08:45:01","date_gmt":"2022-11-01T08:45:01","guid":{"rendered":"https:\/\/www.irmelinsandmanlilius.fi\/?page_id=278"},"modified":"2023-10-23T08:40:10","modified_gmt":"2023-10-23T08:40:10","slug":"hojdpunkter","status":"publish","type":"page","link":"https:\/\/www.irmelinsandmanlilius.fi\/index.php\/hojdpunkter\/","title":{"rendered":"H\u00f6jdpunkter"},"content":{"rendered":"\t\t<div data-elementor-type=\"wp-page\" data-elementor-id=\"278\" class=\"elementor elementor-278\">\n\t\t\t\t\t\t\t\t\t<section class=\"elementor-section elementor-top-section elementor-element elementor-element-cab88b5 elementor-section-boxed elementor-section-height-default elementor-section-height-default\" data-id=\"cab88b5\" data-element_type=\"section\">\n\t\t\t\t\t\t<div class=\"elementor-container elementor-column-gap-default\">\n\t\t\t\t\t<div class=\"elementor-column elementor-col-100 elementor-top-column elementor-element elementor-element-e6f8764\" data-id=\"e6f8764\" data-element_type=\"column\">\n\t\t\t<div class=\"elementor-widget-wrap elementor-element-populated\">\n\t\t\t\t\t\t\t\t<div class=\"elementor-element elementor-element-e7f700b elementor-widget elementor-widget-heading\" data-id=\"e7f700b\" data-element_type=\"widget\" data-widget_type=\"heading.default\">\n\t\t\t\t<div class=\"elementor-widget-container\">\n\t\t\t<h2 class=\"elementor-heading-title elementor-size-default\">Ny bok: Rasse Rask och \u00f6versv\u00e4mningsjulen<\/h2>\t\t<\/div>\n\t\t\t\t<\/div>\n\t\t\t\t<section class=\"elementor-section elementor-inner-section elementor-element elementor-element-ec6e27a elementor-section-boxed elementor-section-height-default elementor-section-height-default\" data-id=\"ec6e27a\" data-element_type=\"section\">\n\t\t\t\t\t\t<div class=\"elementor-container elementor-column-gap-wide\">\n\t\t\t\t\t<div class=\"elementor-column elementor-col-100 elementor-inner-column elementor-element elementor-element-3bc110f\" data-id=\"3bc110f\" data-element_type=\"column\">\n\t\t\t<div class=\"elementor-widget-wrap elementor-element-populated\">\n\t\t\t\t\t\t\t\t<div class=\"elementor-element elementor-element-5d3afaf elementor-widget elementor-widget-text-editor\" data-id=\"5d3afaf\" data-element_type=\"widget\" data-widget_type=\"text-editor.default\">\n\t\t\t\t<div class=\"elementor-widget-container\">\n\t\t\t\t\t\t\t<p>Hur ska familjen Rask lyckas fira jul n\u00e4r det bara regnar, utan uppeh\u00e5ll?<\/p>\n<p>Rasse Rask, den lilla vilda pojken som bor med sin familj p\u00e5 V\u00e5rdberget i Hang\u00f6, f\u00e5r ett nytt uppdrag! Han m\u00e5ste f\u00f6rs\u00f6ka ta reda p\u00e5 vad som h\u00e4nt med hans b\u00e5da storabr\u00f6der som skulle h\u00e4mta julgranen fr\u00e5n \u00d6by. Ocks\u00e5 pappa Rask, som skulle h\u00e4mta n\u00e5gonting hemligt, \u00e4r f\u00f6rsvunnen. Rasse ger sig iv\u00e4g med sin h\u00e4st Gr\u00f6na svans.<\/p>\n<p>&#8211; Se upp f\u00f6r \u00e4lgarna! ropar mommo efter honom. Vad menade hon med det?<\/p>\t\t\t\t\t\t<\/div>\n\t\t\t\t<\/div>\n\t\t\t\t\t<\/div>\n\t\t<\/div>\n\t\t\t\t\t\t\t<\/div>\n\t\t<\/section>\n\t\t\t\t<div class=\"elementor-element elementor-element-27c1aad elementor-widget elementor-widget-text-editor\" data-id=\"27c1aad\" data-element_type=\"widget\" data-widget_type=\"text-editor.default\">\n\t\t\t\t<div class=\"elementor-widget-container\">\n\t\t\t\t\t\t\t<p>Rasse Rask och \u00f6versv\u00e4mningsjulen \u00e4r den senaste bilderboken i serien om Rasse Rask.<\/p><p>Irmelin kommer att presentera boken p\u00e5 Helsingfors Bokm\u00e4ssa l\u00f6rdagen 28.10. 2023 kl. 11:30. V\u00e4lkomna med!<\/p>\t\t\t\t\t\t<\/div>\n\t\t\t\t<\/div>\n\t\t\t\t<div class=\"elementor-element elementor-element-a0ef016 elementor-widget elementor-widget-image\" data-id=\"a0ef016\" data-element_type=\"widget\" data-widget_type=\"image.default\">\n\t\t\t\t<div class=\"elementor-widget-container\">\n\t\t\t\t\t\t\t\t\t\t\t\t\t\t\t<img fetchpriority=\"high\" decoding=\"async\" width=\"640\" height=\"540\" src=\"https:\/\/www.irmelinsandmanlilius.fi\/wp-content\/uploads\/2023\/10\/oversvamningsjulen-2023-1024x864.jpg\" class=\"attachment-large size-large wp-image-323\" alt=\"P\u00e4rmbild till Rasse Rask och \u00f6versv\u00e4mningsjulen\" srcset=\"https:\/\/www.irmelinsandmanlilius.fi\/wp-content\/uploads\/2023\/10\/oversvamningsjulen-2023-1024x864.jpg 1024w, https:\/\/www.irmelinsandmanlilius.fi\/wp-content\/uploads\/2023\/10\/oversvamningsjulen-2023-300x253.jpg 300w, https:\/\/www.irmelinsandmanlilius.fi\/wp-content\/uploads\/2023\/10\/oversvamningsjulen-2023-768x648.jpg 768w, https:\/\/www.irmelinsandmanlilius.fi\/wp-content\/uploads\/2023\/10\/oversvamningsjulen-2023-1536x1297.jpg 1536w, https:\/\/www.irmelinsandmanlilius.fi\/wp-content\/uploads\/2023\/10\/oversvamningsjulen-2023.jpg 1771w\" sizes=\"(max-width: 640px) 100vw, 640px\" \/>\t\t\t\t\t\t\t\t\t\t\t\t\t\t\t<\/div>\n\t\t\t\t<\/div>\n\t\t\t\t<div class=\"elementor-element elementor-element-5a4dece elementor-widget elementor-widget-spacer\" data-id=\"5a4dece\" data-element_type=\"widget\" data-widget_type=\"spacer.default\">\n\t\t\t\t<div class=\"elementor-widget-container\">\n\t\t\t\t\t<div class=\"elementor-spacer\">\n\t\t\t<div class=\"elementor-spacer-inner\"><\/div>\n\t\t<\/div>\n\t\t\t\t<\/div>\n\t\t\t\t<\/div>\n\t\t\t\t\t<\/div>\n\t\t<\/div>\n\t\t\t\t\t\t\t<\/div>\n\t\t<\/section>\n\t\t\t\t<section class=\"elementor-section elementor-top-section elementor-element elementor-element-2e6ea45 elementor-section-boxed elementor-section-height-default elementor-section-height-default\" data-id=\"2e6ea45\" data-element_type=\"section\">\n\t\t\t\t\t\t<div class=\"elementor-container elementor-column-gap-default\">\n\t\t\t\t\t<div class=\"elementor-column elementor-col-100 elementor-top-column elementor-element elementor-element-0c19ddb\" data-id=\"0c19ddb\" data-element_type=\"column\">\n\t\t\t<div class=\"elementor-widget-wrap elementor-element-populated\">\n\t\t\t\t\t\t\t\t<div class=\"elementor-element elementor-element-ba01c4a elementor-widget elementor-widget-heading\" data-id=\"ba01c4a\" data-element_type=\"widget\" data-widget_type=\"heading.default\">\n\t\t\t\t<div class=\"elementor-widget-container\">\n\t\t\t<h2 class=\"elementor-heading-title elementor-size-default\">Svenska Akademiens pris till framst\u00e5ende f\u00f6rfattare av ungdoms- och barnlitteratur \u00e5r 2022<\/h2>\t\t<\/div>\n\t\t\t\t<\/div>\n\t\t\t\t<div class=\"elementor-element elementor-element-d6f3a99 elementor-widget elementor-widget-text-editor\" data-id=\"d6f3a99\" data-element_type=\"widget\" data-widget_type=\"text-editor.default\">\n\t\t\t\t<div class=\"elementor-widget-container\">\n\t\t\t\t\t\t\t<p>Irmelin Sandman Lilius har blivit tilldelad Svenska Akademiens pris till framst\u00e5ende f\u00f6rfattare av ungdoms- och barnlitteratur! Priset instiftades \u00e5r 2021 och utdelas nu f\u00f6r andra g\u00e5ngen. Priset tilldelades henne f\u00f6r hennes betydande och omfattande litter\u00e4ra produktion.<\/p><p>Pressmeddelandet hittas <a href=\"https:\/\/www.svenskaakademien.se\/press\/svenska-akademiens-pris-till-framstaende-forfattare-av-ungdoms-och-barnlitteratur\">h\u00e4r<\/a>.<\/p>\t\t\t\t\t\t<\/div>\n\t\t\t\t<\/div>\n\t\t\t\t<div class=\"elementor-element elementor-element-6ba3bf0 elementor-widget elementor-widget-spacer\" data-id=\"6ba3bf0\" data-element_type=\"widget\" data-widget_type=\"spacer.default\">\n\t\t\t\t<div class=\"elementor-widget-container\">\n\t\t\t\t\t<div class=\"elementor-spacer\">\n\t\t\t<div class=\"elementor-spacer-inner\"><\/div>\n\t\t<\/div>\n\t\t\t\t<\/div>\n\t\t\t\t<\/div>\n\t\t\t\t\t<\/div>\n\t\t<\/div>\n\t\t\t\t\t\t\t<\/div>\n\t\t<\/section>\n\t\t\t\t<section class=\"elementor-section elementor-top-section elementor-element elementor-element-1b4c3e0 elementor-section-boxed elementor-section-height-default elementor-section-height-default\" data-id=\"1b4c3e0\" data-element_type=\"section\">\n\t\t\t\t\t\t<div class=\"elementor-container elementor-column-gap-default\">\n\t\t\t\t\t<div class=\"elementor-column elementor-col-100 elementor-top-column elementor-element elementor-element-9745b93\" data-id=\"9745b93\" data-element_type=\"column\">\n\t\t\t<div class=\"elementor-widget-wrap elementor-element-populated\">\n\t\t\t\t\t\t\t\t<div class=\"elementor-element elementor-element-c3a3730 elementor-widget elementor-widget-heading\" data-id=\"c3a3730\" data-element_type=\"widget\" data-widget_type=\"heading.default\">\n\t\t\t\t<div class=\"elementor-widget-container\">\n\t\t\t<h2 class=\"elementor-heading-title elementor-size-default\">Nominerad till ALMA-priset 2023<\/h2>\t\t<\/div>\n\t\t\t\t<\/div>\n\t\t\t\t\t<\/div>\n\t\t<\/div>\n\t\t\t\t\t\t\t<\/div>\n\t\t<\/section>\n\t\t\t\t<section class=\"elementor-section elementor-top-section elementor-element elementor-element-251b8a6 elementor-section-boxed elementor-section-height-default elementor-section-height-default\" data-id=\"251b8a6\" data-element_type=\"section\">\n\t\t\t\t\t\t<div class=\"elementor-container elementor-column-gap-default\">\n\t\t\t\t\t<div class=\"elementor-column elementor-col-100 elementor-top-column elementor-element elementor-element-fcf06e3\" data-id=\"fcf06e3\" data-element_type=\"column\">\n\t\t\t<div class=\"elementor-widget-wrap elementor-element-populated\">\n\t\t\t\t\t\t\t\t<div class=\"elementor-element elementor-element-8e8b81c elementor-widget elementor-widget-text-editor\" data-id=\"8e8b81c\" data-element_type=\"widget\" data-widget_type=\"text-editor.default\">\n\t\t\t\t<div class=\"elementor-widget-container\">\n\t\t\t\t\t\t\t<p>Irmelin Sandman Lilius, f\u00f6rfattare och illustrat\u00f6r, Finland<\/p><p>En av 251 nominerade fr\u00e5n hela v\u00e4rlden!<\/p>\t\t\t\t\t\t<\/div>\n\t\t\t\t<\/div>\n\t\t\t\t<div class=\"elementor-element elementor-element-9dfa8fc elementor-widget elementor-widget-image\" data-id=\"9dfa8fc\" data-element_type=\"widget\" data-widget_type=\"image.default\">\n\t\t\t\t<div class=\"elementor-widget-container\">\n\t\t\t\t\t\t\t\t\t\t\t\t\t\t\t<img decoding=\"async\" width=\"640\" height=\"640\" src=\"https:\/\/www.irmelinsandmanlilius.fi\/wp-content\/uploads\/2022\/11\/alma-nominering2023-1024x1024.jpg\" class=\"attachment-large size-large wp-image-280\" alt=\"\" srcset=\"https:\/\/www.irmelinsandmanlilius.fi\/wp-content\/uploads\/2022\/11\/alma-nominering2023-1024x1024.jpg 1024w, https:\/\/www.irmelinsandmanlilius.fi\/wp-content\/uploads\/2022\/11\/alma-nominering2023-300x300.jpg 300w, https:\/\/www.irmelinsandmanlilius.fi\/wp-content\/uploads\/2022\/11\/alma-nominering2023-150x150.jpg 150w, https:\/\/www.irmelinsandmanlilius.fi\/wp-content\/uploads\/2022\/11\/alma-nominering2023-768x768.jpg 768w, https:\/\/www.irmelinsandmanlilius.fi\/wp-content\/uploads\/2022\/11\/alma-nominering2023-1536x1536.jpg 1536w, https:\/\/www.irmelinsandmanlilius.fi\/wp-content\/uploads\/2022\/11\/alma-nominering2023-2048x2048.jpg 2048w\" sizes=\"(max-width: 640px) 100vw, 640px\" \/>\t\t\t\t\t\t\t\t\t\t\t\t\t\t\t<\/div>\n\t\t\t\t<\/div>\n\t\t\t\t\t<\/div>\n\t\t<\/div>\n\t\t\t\t\t\t\t<\/div>\n\t\t<\/section>\n\t\t\t\t<section class=\"elementor-section elementor-top-section elementor-element elementor-element-a77c950 elementor-section-boxed elementor-section-height-default elementor-section-height-default\" data-id=\"a77c950\" data-element_type=\"section\">\n\t\t\t\t\t\t<div class=\"elementor-container elementor-column-gap-default\">\n\t\t\t\t\t<div class=\"elementor-column elementor-col-100 elementor-top-column elementor-element elementor-element-11ac59c\" data-id=\"11ac59c\" data-element_type=\"column\">\n\t\t\t<div class=\"elementor-widget-wrap elementor-element-populated\">\n\t\t\t\t\t\t\t\t<div class=\"elementor-element elementor-element-33714cc elementor-widget elementor-widget-spacer\" data-id=\"33714cc\" data-element_type=\"widget\" data-widget_type=\"spacer.default\">\n\t\t\t\t<div class=\"elementor-widget-container\">\n\t\t\t\t\t<div class=\"elementor-spacer\">\n\t\t\t<div class=\"elementor-spacer-inner\"><\/div>\n\t\t<\/div>\n\t\t\t\t<\/div>\n\t\t\t\t<\/div>\n\t\t\t\t<div class=\"elementor-element elementor-element-116e1c3 elementor-widget elementor-widget-heading\" data-id=\"116e1c3\" data-element_type=\"widget\" data-widget_type=\"heading.default\">\n\t\t\t\t<div class=\"elementor-widget-container\">\n\t\t\t<h2 class=\"elementor-heading-title elementor-size-default\">Ny bok: Baggens koja har kommit ut!<\/h2>\t\t<\/div>\n\t\t\t\t<\/div>\n\t\t\t\t<section class=\"elementor-section elementor-inner-section elementor-element elementor-element-681a02e elementor-section-boxed elementor-section-height-default elementor-section-height-default\" data-id=\"681a02e\" data-element_type=\"section\">\n\t\t\t\t\t\t<div class=\"elementor-container elementor-column-gap-wide\">\n\t\t\t\t\t<div class=\"elementor-column elementor-col-100 elementor-inner-column elementor-element elementor-element-514d7bc\" data-id=\"514d7bc\" data-element_type=\"column\">\n\t\t\t<div class=\"elementor-widget-wrap elementor-element-populated\">\n\t\t\t\t\t\t\t\t<div class=\"elementor-element elementor-element-1e672b0 elementor-widget elementor-widget-text-editor\" data-id=\"1e672b0\" data-element_type=\"widget\" data-widget_type=\"text-editor.default\">\n\t\t\t\t<div class=\"elementor-widget-container\">\n\t\t\t\t\t\t\t<p>&#8220;Hur ska man g\u00f6ra med br\u00f6der?&#8221; Undrar Silja Halter upproriskt. Hon h\u00e5ller p\u00e5 att skapa sig ett sj\u00e4lvst\u00e4ndigt liv som bitr\u00e4de i Bokl\u00e5dan i Tulavall. Syskonen Halter v\u00e4xte upp i fattigdom. Sanna, Silja och Sissela har hittat sig v\u00e4gar fram\u00e5t i livet men deras bror Stefan irrar omkring, st\u00e4digt lockad av framg\u00e5ngsrikare busar. N\u00e4r Silja bosatt sig i Baggens koja flyttar han in och tar f\u00f6r sig.<\/p><p>\u00c4ven andra faror lurar, som nya tj\u00e4nstem\u00e4n och gamla sm\u00e5luskar. Men Silja och kojan har hj\u00e4lpare och f\u00f6rsvarare bland v\u00e4nner, s\u00e5v\u00e4l bofasta som sj\u00f6farande, och geng\u00e5ngare.<\/p>\t\t\t\t\t\t<\/div>\n\t\t\t\t<\/div>\n\t\t\t\t\t<\/div>\n\t\t<\/div>\n\t\t\t\t\t\t\t<\/div>\n\t\t<\/section>\n\t\t\t\t<div class=\"elementor-element elementor-element-65cbe4a elementor-widget elementor-widget-image\" data-id=\"65cbe4a\" data-element_type=\"widget\" data-widget_type=\"image.default\">\n\t\t\t\t<div class=\"elementor-widget-container\">\n\t\t\t\t\t\t\t\t\t\t\t\t\t\t\t<img decoding=\"async\" width=\"640\" height=\"909\" src=\"https:\/\/www.irmelinsandmanlilius.fi\/wp-content\/uploads\/2022\/11\/Baggens-koja-1-721x1024.jpg\" class=\"attachment-large size-large wp-image-292\" alt=\"P\u00e4rmbilden till Baggens koja\" srcset=\"https:\/\/www.irmelinsandmanlilius.fi\/wp-content\/uploads\/2022\/11\/Baggens-koja-1-721x1024.jpg 721w, https:\/\/www.irmelinsandmanlilius.fi\/wp-content\/uploads\/2022\/11\/Baggens-koja-1-211x300.jpg 211w, https:\/\/www.irmelinsandmanlilius.fi\/wp-content\/uploads\/2022\/11\/Baggens-koja-1-768x1091.jpg 768w, https:\/\/www.irmelinsandmanlilius.fi\/wp-content\/uploads\/2022\/11\/Baggens-koja-1-1081x1536.jpg 1081w, https:\/\/www.irmelinsandmanlilius.fi\/wp-content\/uploads\/2022\/11\/Baggens-koja-1-1441x2048.jpg 1441w, https:\/\/www.irmelinsandmanlilius.fi\/wp-content\/uploads\/2022\/11\/Baggens-koja-1-scaled.jpg 1802w\" sizes=\"(max-width: 640px) 100vw, 640px\" \/>\t\t\t\t\t\t\t\t\t\t\t\t\t\t\t<\/div>\n\t\t\t\t<\/div>\n\t\t\t\t\t<\/div>\n\t\t<\/div>\n\t\t\t\t\t\t\t<\/div>\n\t\t<\/section>\n\t\t\t\t\t\t\t<\/div>\n\t\t","protected":false},"excerpt":{"rendered":"<p>Ny bok: Rasse Rask och \u00f6versv\u00e4mningsjulen Hur ska familjen Rask lyckas fira jul n\u00e4r det bara regnar, utan uppeh\u00e5ll? Rasse Rask, den lilla vilda pojken som bor med sin familj p\u00e5 V\u00e5rdberget i Hang\u00f6, f\u00e5r ett nytt uppdrag! Han m\u00e5ste f\u00f6rs\u00f6ka ta reda p\u00e5 vad [&hellip;]<\/p>\n","protected":false},"author":1,"featured_media":0,"parent":0,"menu_order":0,"comment_status":"closed","ping_status":"closed","template":"","meta":{"footnotes":""},"_links":{"self":[{"href":"https:\/\/www.irmelinsandmanlilius.fi\/index.php\/wp-json\/wp\/v2\/pages\/278"}],"collection":[{"href":"https:\/\/www.irmelinsandmanlilius.fi\/index.php\/wp-json\/wp\/v2\/pages"}],"about":[{"href":"https:\/\/www.irmelinsandmanlilius.fi\/index.php\/wp-json\/wp\/v2\/types\/page"}],"author":[{"embeddable":true,"href":"https:\/\/www.irmelinsandmanlilius.fi\/index.php\/wp-json\/wp\/v2\/users\/1"}],"replies":[{"embeddable":true,"href":"https:\/\/www.irmelinsandmanlilius.fi\/index.php\/wp-json\/wp\/v2\/comments?post=278"}],"version-history":[{"count":13,"href":"https:\/\/www.irmelinsandmanlilius.fi\/index.php\/wp-json\/wp\/v2\/pages\/278\/revisions"}],"predecessor-version":[{"id":327,"href":"https:\/\/www.irmelinsandmanlilius.fi\/index.php\/wp-json\/wp\/v2\/pages\/278\/revisions\/327"}],"wp:attachment":[{"href":"https:\/\/www.irmelinsandmanlilius.fi\/index.php\/wp-json\/wp\/v2\/media?parent=278"}],"curies":[{"name":"wp","href":"https:\/\/api.w.org\/{rel}","templated":true}]}}